by 20?
18
Calculate the remainder when 257 is divided by 37.
35
What is the remainder when 8575 is divided by 16?
15
What is the remainder when 696 is divided by 153?
84
What is the remainder when 471 is divided by 6?
3
What is the remainder when 11999 is divided by 48?
47
Calculate the remainder when 1378 is divided by 85.
18
What is the remainder when 324 is divided by 47?
42
Calculate the remainder when 1132 is divided by 376.
4
What is the remainder when 221 is divided by 56?
53
Calculate the remainder when 129 is divided by 83.
46
Calculate the remainder when 414 is divided by 83.
82
Calculate the remainder when 299 is divided by 62.
51
What is the remainder when 9021 is divided by 48?
45
Calculate the remainder when 424 is divided by 15.
4
What is the remainder when 140 is divided by 33?
8
What is the remainder when 21418 is divided by 105?
103
Calculate the remainder when 149 is divided by 69.
11
Calculate the remainder when 37 is divided by 20.
17
Calculate the remainder when 353 is divided by 60.
53
Calculate the remainder when 58 is divided by 10.
8
What is the remainder when 5470 is divided by 171?
169
Calculate the remainder when 4883 is divided by 12.
11
What is the remainder when 1026 is divided by 228?
114
Calculate the remainder when 237 is divided by 62.
51
Calculate the remainder when 161 is divided by 36.
17
What is the remainder when 1951 is divided by 17?
13
Calculate the remainder when 831 is divided by 54.
21
What is the remainder when 634 is divided by 8?
2
What is the remainder when 432 is divided by 34?
24
Calculate the remainder when 377 is divided by 84.
41
Calculate the remainder when 3884 is divided by 37.
36
What is the remainder when 2863 is divided by 61?
57
What is the remainder when 43 is divided by 21?
1
Calculate the remainder when 765 is divided by 48.
45
Calculate the remainder when 88 is divided by 45.
43
What is the remainder when 442 is divided by 8?
2
Calculate the remainder when 386 is divided by 28.
22
Calculate the remainder when 2537 is divided by 20.
17
What is the remainder when 55 is divided by 33?
22
Calculate the remainder when 1728 is divided by 219.
195
Calculate the remainder when 2474 is divided by 32.
10
Calculate the remainder when 4943 is divided by 43.
41
What is the remainder when 66 is divided by 45?
21
Calculate the remainder when 92 is divided by 9.
2
Calculate the remainder when 284 is divided by 95.
94
What is the remainder when 12 is divided by 4?
0
What is the remainder when 86 is divided by 4?
2
Calculate the remainder when 238 is divided by 64.
46
Calculate the remainder when 112 is divided by 33.
13
What is the remainder when 1128 is divided by 61?
30
Calculate the remainder when 4131 is divided by 78.
75
What is the remainder when 533 is divided by 108?
101
Calculate the remainder when 1599 is divided by 20.
19
Calculate the remainder when 541 is divided by 529.
12
What is the remainder when 614 is divided by 13?
3
Calculate the remainder when 1186 is divided by 67.
47
Calculate the remainder when 1607 is divided by 134.
133
Calculate the remainder when 266 is divided by 90.
86
What is the remainder when 387 is divided by 14?
9
What is the remainder when 2991 is divided by 214?
209
Calculate the remainder when 21053 is divided by 66.
65
What is the remainder when 1437 is divided by 10?
7
What is the remainder when 3227 is divided by 10?
7
What is the remainder when 89 is divided by 30?
29
What is the remainder when 1861 is divided by 458?
29
Calculate the remainder when 3590 is divided by 14.
6
Calculate the remainder when 12658 is divided by 12.
10
What is the remainder when 7366 is divided by 238?
226
What is the remainder when 271 is divided by 46?
41
Calculate the remainder when 741 is divided by 31.
28
What is the remainder when 682 is divided by 28?
10
Calculate the remainder when 809 is divided by 116.
113
What is the remainder when 548 is divided by 19?
16
Calculate the remainder when 9590 is divided by 69.
68
Calculate the remainder when 1980 is divided by 1978.
2
Calculate the remainder when 45 is divided by 20.
5
What is the remainder when 24733 is divided by 19?
14
What is the remainder when 179 is divided by 10?
9
What is the remainder when 486 is divided by 84?
66
Calculate the remainder when 8573 is divided by 35.
33
Calculate the remainder when 270 is divided by 135.
0
Calculate the remainder when 4078 is divided by 213.
31
What is the remainder when 234 is divided by 47?
46
Calculate the remainder when 526 is divided by 23.
20
Calculate the remainder when 3269 is divided by 299.
279
Calculate the remainder when 251 is divided by 32.
27
What is the remainder when 493 is divided by 16?
13
What is the remainder when 290 is divided by 23?
14
What is the remainder when 178 is divided by 175?
3
Calculate the remainder when 1343 is divided by 16.
15
Calculate the remainder when 409 is divided by 10.
9
Calculate the remainder when 1028 is divided by 28.
20
What is the remainder when 485 is divided by 41?
34
What is the remainder when 1929 is divided by 69?
66
What is the remainder when 257 is divided by 67?
56
Calculate the remainder when 3700 is divided by 912.
52
Calculate the remainder when 46 is divided by 15.
1
What is the remainder when 50 is divided by 19?
12
What is the remainder when 348 is divided by 25?
23
Calculate the remainder when 2300 is divided by 13.
12
What is the remainder when 58 is divided by 18?
4
What is the remainder when 31 is divided by 21?
10
What is the remainder when 421 is divided by 72?
61
What is the remainder when 61639 is divided by 8?
7
Calculate the remainder when 5154 is divided by 2573.
8
What is the remainder when 193 is divided by 36?
13
What is the remainder when 414 is divided by 52?
50
What is the remainder when 1581 is divided by 37?
27
What is the remainder when 8705 is divided by 26?
21
Calculate the remainder when 1728 is divided by 82.
6
What is the remainder when 32 is divided by 17?
15
Calculate the remainder when 2887 is divided by 49.
45
Calculate the remainder when 495 is divided by 20.
15
Calculate the remainder when 56 is divided by 7.
0
Calculate the remainder when 1767 is divided by 61.
59
What is the remainder when 95 is divided by 34?
27
What is the remainder when 1609 is divided by 45?
34
Calculate the remainder when 70 is divided by 44.
26
What is the remainder when 139 is divided by 52?
35
What is the remainder when 203 is divided by 2?
1
Calculate the remainder when 4183 is divided by 93.
91
What is the remainder when 613 is divided by 304?
5
What is the remainder when 5298 is divided by 529?
8
Calculate the remainder when 830 is divided by 11.
5
What is the remainder when 132 is divided by 16?
4
Calculate the remainder when 259 is divided by 57.
31
Calculate the remainder when 439 is divided by 20.
19
Calculate the remainder when 543 is divided by 26.
23
What is the remainder when 49527 is divided by 127?
124
Calculate the remainder when 94 is divided by 24.
22
What is the remainder when 607 is divided by 34?
29
Calculate the remainder when 403 is divided by 82.
75
What is the remainder when 635 is divided by 26?
11
What is the remainder when 786 is divided by 196?
2
What is the remainder when 2195 is divided by 13?
11
Calculate the remainder when 671 is divided by 4.
3
Calculate the remainder when 161 is divided by 157.
4
Calculate the remainder when 456 is divided by 34.
14
What is the remainder when 36 is divided by 11?
3
Calculate the remainder when 534 is divided by 77.
72
What is the remainder when 1338 is divided by 4?
2
Calculate the remainder when 105 is divided by 30.
15
What is the remainder when 228 is divided by 85?
58
Calculate the remainder when 129 is divided by 60.
9
Calculate the remainder when 133 is divided by 41.
10
Calculate the remainder when 361 is divided by 53.
43
Calculate the remainder when 214 is divided by 35.
4
What is the remainder when 57 is divided by 26?
5
What is the remainder when 336 is divided by 125?
86
Calculate the remainder when 236 is divided by 15.
11
What is the remainder when 2223 is divided by 21?
18
What is the remainder when 262 is divided by 44?
42
Calculate the remainder when 293 is divided by 258.
35
What is the remainder when 3708 is divided 